16. Is d a composite number?
True
Suppose 0 = -12*s + 13*s - 4. Let r be 1/s - (-4257)/44. Let o = r + 490. Is o a composite number?
False
Let h = -567 + 565. Is (-2954)/8*(-1 + (h - 1)) composite?
True
Suppose -7*q - 9698156 - 6401480 = 0. Is (-4)/(-18) + q/(-252) composite?
False
Let c(o) = 102*o**2 - 5*o - 3. Let r = -8 - -10. Is c(r) prime?
False
Let n be (-148537)/(-5) - (-4 + 22/5). Suppose 9050 - n = -7*p. Is p a composite number?
True
Suppose -2*v = -6*v - 72. Let s = 14 + v. Is (-2 - -3) + (s - -5)*58 composite?
False
Is (3 + (-2 - (-433623)/(-6)))/((-7)/14) composite?
False
Suppose 0 = -9*w + 13*w + 36. Let p(u) = u**2 + 11*u + 20. Let n be p(w). Suppose 0 = n*t - 105 - 81. Is t composite?
True
Let p(c) = c - 17. Let g be p(20). Is ((-7646)/g)/((-10)/15) a prime number?
True
Let a = 215 - 213. Suppose -m + a = -0*m, 5781 = v + m. Is v a prime number?
True
Let r = -31 + 14. Let d = -16 - r. Is (d + 0 + 200)*(-5)/(-15) a composite number?
False
Let c(s) = -1661*s - 3846. Is c(-37) composite?
True
Suppose -2*p - 12815 = -4*f + 3275, 4*f + 3*p - 16065 = 0. Let v be ((-18)/(-45))/((-3)/f). Let n = v - -933. Is n a composite number?
False
Suppose 2*g + 15*m - 11*m = 3926, 0 = m - 1. Is g a prime number?
False
Let o(j) = -27 + 62 - 600*j - 34. Let k(r) = -r**3 - 5*r**2 + 8*r + 9. Let b be k(-6). Is o(b) a prime number?
True
Let h(j) = 6*j**2 - 514*j**3 - 1 - 21*j + 29*j + 5*j. Is h(-2) prime?
False
Suppose 222 = -5*x - 4*s - 291, 408 = -4*x - 4*s. Let b = 925 - x. Let q = b - 123. Is q a composite number?
False
Let r be (-3 - -6 - 16)/(2/(-464)). Suppose 120*t - 112*t = r. Is t composite?
True
Suppose -25*j + 27793366 = 34*j. Is j a prime number?
False
Let o be 4/10 - 2343/(-55). Let t = o - 37. Suppose 0 = -5*c - t*r + r + 1910, 1122 = 3*c - 5*r. Is c composite?
False
Suppose 26*x + 24*x + 1981162 = 208*x. Is x prime?
True
Let x = 1702 - 2499. Let p = -2515 - x. Is (2 + -1)/(1716/p - -1) a prime number?
True
Is 0 - (-1)/(-5) - 29414352/(-660) composite?
True
Let m(h) = -h**3 - 2*h**2 - 6*h - 15. Let y be m(-3). Let p be y/5*95/38. Suppose 3*a + 3*u = 15579, -p*u + 2*u - 16 = 0. Is a a prime number?
True
Let q(p) = 29*p**2 + 26*p + 48. Let l be q(9). Let b(g) = g**3 + 10*g**2 - 11*g. Let w be b(-11). Suppose 35*a - 38*a + l = w. Is a a prime number?
True
Let i = -665 + 1425. Let q = -1281 + 900. Let u = q + i. Is u composite?
False
Is (1/(-9))/((-238)/357 - (-3533170)/5299758) composite?
False
Let g be ((-3)/6)/((-1)/(-14)). Let p(x) = x**3 + 7*x**2 + 11*x + 17. Let q be p(g). Is 15144/q*(-5)/2 composite?
False
Let m = 927250 - 351663. Is m prime?
False
Let p = 2438432 - 1318279. Is p composite?
False
Suppose 45*a - 43*a - 282208 = 3*s, s = 2*a - 282204. Is a a prime number?
True
Let h be 30/(-4)*(-21)/(840/32). Is h*(-109902)/(-16) + (-49)/196 a composite number?
False
Suppose -1071*p + 1087*p = 46652048. Is p a prime number?
True
Let h be (2/4)/((-31)/(-248)). Suppose 10*i - 12*i + 3*l = -5573, -h*l - 13915 = -5*i. Is i prime?
False
Let j = -126319 - -514778. Is j a prime number?
True
Suppose 0 = -82*p + 115*p - 1570173. Is p a composite number?
False
Is 289084/(6 - (0 + 4)) - 3 a prime number?
True
Let z(p) be the second derivative of -7*p**5/20 - 7*p**4/12 - p**3/2 - p**2 + p + 47. Is z(-9) composite?
False
Let l = 25597 - 10120. Suppose 0 = -14*f + 3*f - l. Let z = f - -2788. Is z composite?
False
Let q(n) = n**3 - 2*n**2 + 2*n - 1. Let z be q(2). Let o be (z - (-33)/(-12)) + (-114)/(-24). Suppose o*f - 4369 = 11646. Is f a composite number?
False
Let s(f) = -f**3 - 2*f**2 + 3*f + 2962. Let u be s(0). Suppose 0 = 178*a - 176*a - u. Is a a prime number?
True
Let g(w) = -111*w + 2. Suppose j - 14 = 4*l, -l - 4*j - 6 = 6. Is g(l) a prime number?
False
Suppose 171769 = 4*r + 3*i, -3*i = r + i - 42965. Is r composite?
False
Let i(b) = -368*b + 472*b + 32*b + 39. Suppose 3*h = -h + 52. Is i(h) composite?
True
Let u(q) = 202 - 405 + 196 - 1987*q. Is u(-2) prime?
True
Let d be (-60)/50 + 105/25. Suppose -d*t + 10901 = -2*u, 2*u = -4*t + 5*u + 14533. Is t composite?
False
Let l(u) = -33*u**3 - 13*u + 34*u**3 - 7*u**2 + 1 - 6. Let n be l(11). Let d = 985 - n. Is d a prime number?
False
Let p = 60372 + -42534. Suppose -3*b + 5*w + p = 0, -w = 3*b - 17646 - 174. Is b a prime number?
False
Let h(f) be the second derivative of 41*f**4/12 + 13*f**3/6 - f**2/2 - f. Suppose -5*i = -4*t + 28, 4*t + 14 = 6*t + i. Is h(t) a prime number?
True
Let i(j) = j**3 + 4*j**2 - 33*j + 15091. Is i(0) composite?
False
Let a = -10608 + 18852. Let o = a - 4657. Is o a prime number?
False
Suppose 5*s + 5 = 0, 63*l - 3138861 = 58*l - 4*s. Is l prime?
True
Suppose 498*q - 251*q + 1558806 = 253*q. Is q prime?
True
Let d(w) = 203*w - 108 - 12 + 246*w - 20 - 20. Is d(19) a prime number?
False
Suppose -12*g + 62398918 = -21*g + 151*g. Is g prime?
True
Let n(r) = -7*r**3 - 55*r**2 + 80*r + 85. Let o(x) = 11*x**3 + 82*x**2 - 118*x - 127. Let t(y) = -8*n(y) - 5*o(y). Is t(-28) composite?
True
Let a(p) be the third derivative of -11*p**6/720 + 49*p**5/120 + p**4/24 - 19*p**2. Let f(s) be the second derivative of a(s). Is f(-15) prime?
False
Let i(x) = 4*x**2 - 17*x - 9. Let n be i(-12). Suppose -2*q + 1068 = 34. Suppose 3*u - n = 3*s, -2*s - s - q = -2*u. Is u a composite number?
True
Let o(y) = -213*y + 16. Let g be o(13). Let a(z) = -6*z - 54. Let d be a(-13). Let b = d - g. Is b composite?
False
Suppose 3*w + 2*a = -5272, -4*w + 4*a + 3009 = 10005. Suppose -2800 - 2552 = 24*k. Let d = k - w. Is d a prime number?
True
Suppose -5*o + 532439 = 4*d, 4*o + 5*d = -8159 + 434121. Is o a prime number?
False
Let b(z) = -z**2 + 0*z**2 - 106*z + 47 + 68*z + 2*z**2. Is b(-20) a prime number?
False
Let w(t) = -t**3 - t**2 + 4. Let r be w(-2). Let s be r + ((-32)/(-12))/((-2)/3). Is (2/(-6))/(39286/9822 - s) prime?
True
Suppose o - 1110048 = -4*b, -3*b - 7*o + 3*o + 832523 = 0. Is b composite?
False
Suppose 0 = -16*y - 13*y + 4118203. Is y composite?
False
Let w be 544/18 + (-4)/18. Suppose 13*p - w = 3*p. Suppose p*i + i - 6775 = -c, -6784 = -4*i - 4*c. Is i composite?
False
Suppose 14 = 2*k - 2*x - 0, -23 = -k - 3*x. Is (-2)/k - 340584/(-253) a composite number?
True
Let h be 0 + 0 + 19251/(-1). Let l = -11273 - h. Is l a prime number?
False
Suppose -5*w + 157595 = 25060. Is w composite?
True
Suppose 81*x - 89*x + 20024 = 0. Is x prime?
True
Let n(c) be the third derivative of c**5/30 + 7*c**4/12 - 7*c**3/6 + 3*c**2 + 4. Is n(24) composite?
False
Let g(c) be the first derivative of 25*c**3/3 + 6*c**2 + 6*c + 62. Suppose -4*x + 33 = -x. Is g(x) a prime number?
True
Let k = -5 - -10. Suppose 0 = -4*t - 12, 4*t = -k*z + 2238 + 115. Is z a composite number?
True
Is (-160)/64 - ((-1799847)/6 - -1) composite?
True
Suppose -11*z = -8*z - 3*t - 334944, 5*t = -z + 111678. Is z composite?
False
Let f = 326469 - 114908. Is f prime?
False
Let m = -424119 + 798860. Is m a prime number?
True
Let p = -30304 - -74193. Is p a composite number?
False
Let h(n) = -n**3 - 5*n**2 + 11*n + 30. Let g be h(-6). Suppose g*r - 9*r + 5571 = 0. Is r a prime number?
True
Let p(o) = -238*o**3 + 2*o**2 - 7*o - 6. Let w be p(-4). Let b be w/8 + (-5 - (-85)/20). Suppose b = 4*u + 6*u. Is u a composite number?
False
Let c be -1 - 2*(-1)/(-6)*-51. Suppose -f - 2*o + 2 + 11 = 0, 0 = 4*o - c. Is f/40 - 52782/(-16) a prime number?
True
Let n be (5/4)/((-2)/(-40)). Suppose 2*o - 5 = -q, -4*o + 5*q - n = -0*q. Suppose -5*b = -3*g - 5275, o*b = b - 3*g - 1055. Is b a composite number?
True
Let z(d) = -85*d**3 + d**2 + 2*d + 3. Let v be z(-2). Suppose 4*n - c + v = 6*n, 0 = -5*n + 2*c + 1721. Suppose 4*j - n = 741. Is j prime?
True
Let y be -1 - 6/(-4 - -3). Suppose 19 = -3*j - 5*b, 4*j = y*b - 6*b + 3. Suppose -a + 1217 = m - 3*m, -j*m - 6125 = -5*a. Is a prime?
False
Let o(w) = 18*w + 14 - 1 + 39 + 53*w. Suppose 4*q = 5*t - 81, 2*t + 6*q - 2*q = 38. Is o(t) a composite number?
False
Suppose -202*o - 141410 = -212*o. Is o a prime number?
False
Suppose 4629 = 3*u - 8*d, -u + 3*d + 1114 + 429 = 0. Is u a prime number?
True
Suppose 0 = m - 4*j + 10, -j - j = 4*m - 32. Suppose -4*p + 6 + m = 0. Suppose -2*w = p*q + 2*q - 617, -912 = -3*w - 3*q. Is w prime?
False
Let f = -52 - -91. Let j = 1046 + -1004. Suppose -f*o = -j*o + 382